 is the remainder when q is divided by 24?
23
Let a = -128 + 180. Let l = 115 - a. Suppose -55 = -5*h - 0*h. Calculate the remainder when l is divided by h.
8
Let s(j) = 9*j - 6. Let n(a) = -2*a**3 + 5*a**2 + 10*a - 4. What is the remainder when s(7) is divided by n(-2)?
9
Suppose -2*k + 3 + 3 = 0. What is the remainder when 7 - (-10)/(-4)*(-120)/(-100) is divided by k?
1
Let g(f) = f**3 + 18*f**2 - 21*f - 4. Let q be g(-19). Let u = q - 10. Calculate the remainder when 93 is divided by u.
21
Suppose 2*p - 41 = 13. Let m be ((-66)/(-9))/(1/3). Let z = m + -7. Calculate the remainder when p is divided by z.
12
Let s = 496 + -232. Calculate the remainder when s is divided by 38.
36
Suppose 428*b + 450 = 437*b. What is the remainder when b is divided by 33?
17
Suppose -2 = -3*g + 10. Suppose -3*x - g*q + 6*q + 61 = 0, -q + 1 = 0. Let c = 11 - 3. Calculate the remainder when x is divided by c.
5
Suppose -17*g + 83 = -223. What is the remainder when 429 is divided by g?
15
Suppose -3*u + 93 = m, 2*u = -3*m + 31 + 24. Let p = -26 + u. Calculate the remainder when p is divided by 2.
0
Let y(f) = 6*f**2 - 10*f - 4. Let g(w) = w - 1. Let h(c) = 5*g(c) + y(c). Calculate the remainder when h(5) is divided by 17.
14
Let o = -95 + 106. Suppose -5*a + 65 = 4*g, 0 = -0*g - 2*g + 5*a + 55. What is the remainder when g is divided by o?
9
Suppose 2*m = -5*k + 143, 2*m + 4 = 3*m. What is the remainder when 214 is divided by k?
25
Let c = -243 - -377. What is the remainder when c is divided by 23?
19
Let l = 2294 + -2258. What is the remainder when 179 is divided by l?
35
Let h be (-258)/5*4/(-12)*-15. What is the remainder when 251 is divided by (-6)/(-4)*(-5 - h/18)?
13
Let v = 1340 - 1287. Calculate the remainder when 227 is divided by v.
15
Let k be (-1)/((-4 + 3)*1). Let d = k + 9. Calculate the remainder when d is divided by 3.
1
Let m(w) = -60*w - 296. Calculate the remainder when 131 is divided by m(-5).
3
What is the remainder when 687/(-18)*-2 - 56/168 is divided by 26?
24
Suppose 3*v = -2*b + 46, -5*b - 4*v = -4*b - 28. Let r(p) = -12*p - 6. Calculate the remainder when r(-5) is divided by b.
14
Suppose 104 = -7*n + 475. Calculate the remainder when n is divided by 4.
1
Let n be 2*(-1 - (4 + -4)). Let s(v) = -4*v**3 - v**2 + 8*v + 13. Calculate the remainder when 74 is divided by s(n).
24
Suppose 11*r + 4846 = 14*r + 5*c, -4*r = -c - 6446. What is the remainder when r is divided by 21?
16
Let i be 6/(-15) - (-16)/(-10). Let l = 13 + i. Let g(v) = v**3 - 4*v**2 - 8*v + 8. Calculate the remainder when g(6) is divided by l.
10
Suppose 6*r - 28 = -10. Let a(h) be the second derivative of h**4/6 - h**3/2 - 2*h**2 - 2*h. What is the remainder when 13 is divided by a(r)?
3
Suppose c + c - 12 = 0. Suppose c*i - 76 = 4*i. What is the remainder when i is divided by 20?
18
Let t(f) = -7*f + 66. What is the remainder when 118 is divided by t(6)?
22
Let b = 5 - 0. Suppose 0 = g - b*g + 20. Let v = g - -13. What is the remainder when 34 is divided by v?
16
Suppose -p + 8 = s, p + 0*p - 24 = -5*s. Suppose -2744 - 280 = -56*d. Calculate the remainder when d is divided by 19/p*(-3 - -7).
16
Let x(v) = -v + 87. Calculate the remainder when x(-19) is divided by 18.
16
Suppose -2*j + 630 = -4*b, 0 = b - 4 + 7. Suppose -41 = -5*z + j. Calculate the remainder when z is divided by 6.
4
What is the remainder when (-15378)/(-66) - 2*(-1 - 2) is divided by 52?
31
What is the remainder when (-129)/(-12) - (-2)/8 is divided by 10/2 - (-55 - -55)?
1
Suppose 2*a - 223 - 809 = 4*c, 4*a = 5*c + 1284. Let i = -65 - c. Suppose -4*o + 69 + i = 0. Calculate the remainder when o is divided by 17.
15
Suppose 36*s - 41*s = -25. Suppose 3*x - s*n - 100 = 0, -2*n - 154 = -5*x - 0*n. Calculate the remainder when 89 is divided by x.
29
Suppose 3*n = 3 + 30. Calculate the remainder when -1*1/1 + -6 + 49 is divided by n.
9
Let k(r) = -2 - 1 + 6 + 2*r + 10. Let q be k(9). Let s = q + -12. Calculate the remainder when s is divided by 10.
9
Suppose 0 = -36*r + 34*r - 3*g + 2299, -g = -4*r + 4591. Calculate the remainder when r is divided by 64.
60
Let j(s) = s + 4. Let l be j(0). Suppose -12 = 5*h - 152. Suppose -l*a = -272 + h. Calculate the remainder when a is divided by 16.
13
Suppose 0*h + 162 = h. Let s be ((-2)/(-3))/(4/h). Suppose -s = -4*u + 13. Calculate the remainder when 39 is divided by u.
9
Suppose 0 = m + 3*m - 12. What is the remainder when 8 is divided by (-240)/36*m/(-4)?
3
Suppose 10*b - 180 = 180. Suppose -4*u = -463 + 47. Calculate the remainder when u is divided by b.
32
Let w(c) = c - 2. Let s = 41 + -43. What is the remainder when s/1 + 2 - (-210)/14 is divided by w(6)?
3
Let g = 255 - 251. Calculate the remainder when 43 is divided by g.
3
Let g(y) = -3*y**3 + 43*y**2 + 37*y - 33. Calculate the remainder when 104 is divided by g(15).
32
Suppose 482 = 12*h - 118. Let p(f) = 2*f**2 - 6*f - 7. Calculate the remainder when h is divided by p(5).
11
Suppose 4 = -5*v + 229. Let u = -27 + v. Calculate the remainder when 34 is divided by u.
16
Let n = 457 - 368. What is the remainder when n is divided by 16?
9
Suppose -3 = -2*y - 1. Calculate the remainder when 0 + 10/4 - 9/6 is divided by y.
0
Suppose 3*q + 4 = u, 4*u = 5*q - 4*q + 16. Suppose 3*x + 4*c - 3*c - 362 = q, 0 = 2*x - c - 243. What is the remainder when x is divided by 31?
28
Let k = 34 + -23. Suppose 3*o - 55 = k. Let g = o - 13. What is the remainder when 25 is divided by g?
7
Let j(g) = 4 - g + 4*g**2 - g**2 - 3 + 4*g**2. Let z = 3 + 2. What is the remainder when j(1) is divided by z?
2
Suppose -5*x + 495 = -43*m + 38*m, -5*m = 4*x - 441. Calculate the remainder when 309 is divided by x.
101
Let f = -28 - -39. Calculate the remainder when f is divided by 100/16 - ((-112)/(-64))/7.
5
Let y(z) = -37*z**2 + 2*z - 1. Let x be (-2)/3 + 5/3. Let o be y(x). Let t = o - -74. What is the remainder when t is divided by 14?
10
Let c(f) be the third derivative of -f**4/8 - f**3/3 + f**2. Suppose 101*t - 20 = 96*t. What is the remainder when t is divided by c(-2)?
0
Let w be (36/(-16))/(9/(-24)). Let b(y) = -y + 20. Calculate the remainder when 40 is divided by b(w).
12
Let o = -19 + -15. Let d = 180 - 125. Let m = o + d. Calculate the remainder when m is divided by 11.
10
Suppose -15*u + 20*u + 70 = o, 3*u + 240 = 5*o. What is the remainder when o is divided by 6?
3
Let u(g) = -g**3 + 13*g**2 - 9*g - 13. What is the remainder when u(8) is divided by 61?
52
Suppose -q - 92 = -5*q. Calculate the remainder when 205 is divided by q.
21
Suppose 5*k = -55 + 365. Calculate the remainder when 426 is divided by k.
54
Suppose m - 339 = 4*m. Let z = 52 - m. What is the remainder when z is divided by 14?
11
Suppose 65*t + 77 = 2*m + 60*t, 3*t = -3. What is the remainder when m is divided by 13?
10
Let i = -2331 - -2339. Let x = 62 - 37. Calculate the remainder when x is divided by i.
1
Let y(t) = t**3 + 24*t**2 + 20*t + 3. Calculate the remainder when y(-23) is divided by 41.
31
Suppose 42 + 158 = 20*j. What is the remainder when 11 is divided by j?
1
Suppose -3*t + 5 = d + 2, 5*d + 3*t = -21. Let l(k) = -12*k - 60. Calculate the remainder when 22 is divided by l(d).
10
Let a = 1140 - 1085. Calculate the remainder when 89 is divided by a.
34
Let m(d) = -d**3 - d**2 - d + 9. Suppose -407 = 19*l + 1094. Let f = l - -103. What is the remainder when f is divided by m(0)?
6
Let q(w) = -109*w - 318. Let z be ((-2)/1 + 1)*9. Let g = -5 - z. What is the remainder when q(-3) is divided by g?
1
Suppose 4*g - 20 = -8. Calculate the remainder when 12 is divided by 85/15 - (-1)/g.
0
Let b = 2299 + -2087. Calculate the remainder when b is divided by 8.
4
Suppose -7 = -i - 3. Let x be 427/i - 5/(-20). Suppose 3*n = 10 + x. Calculate the remainder when n is divided by 14.
11
Suppose -3 + 8 = 5*b, -31 = -2*k + b. Let q(l) = 14*l - 10*l - 2*l**2 + 3*l**2 - 3. Calculate the remainder when q(-8) is divided by k.
13
Let d = -47 - -51. Let n be -2 + -1 - 3/(-3). Calculate the remainder when 1/n*-2*10 is divided by d.
2
Let n(t) = -77*t**3 - t**2 - 2*t - 2. What is the remainder when n(-1) is divided by 20?
16
Calculate the remainder when 192 is divided by -4*(-6)/144 + (-89)/(-6).
12
Let b(a) be the third derivative of -a**4/8 - 14*a**3/3 + 19*a**2. Calculate